re the prime factors of i?
2
Let u = -6 + 38. What are the prime factors of u?
2
Let o(g) = -g**3 + 5*g**2 - 2*g - 2. Let y be o(4). Let f(s) = 2*s + 2 - 3 + 3. List the prime factors of f(y).
2, 7
What are the prime factors of (-11)/(55/(-10))*(-179)/(-2)?
179
Let b = -8 - -14. What are the prime factors of b?
2, 3
Let k = 500 + -203. List the prime factors of k.
3, 11
Let q = 6 - 4. Suppose q*l - 12 + 2 = 0. List the prime factors of 8/20 + 33/l.
7
Let b(z) be the second derivative of 0 + 1/3*z**3 + 2*z + 5*z**2. What are the prime factors of b(7)?
2, 3
Suppose -3*h = -3*s + 51, -h + 3*h = -3*s - 19. Let k(p) = p**3 + 13*p**2 - 17*p + 11. List the prime factors of k(h).
53
Let a(v) = 4*v**2 - 9*v - 14. Let w(n) = 5*n**2 - 10*n - 15. Let d(y) = 4*a(y) - 3*w(y). What are the prime factors of d(8)?
5
Let w(f) = -f - 9 + 6 - 2*f + f**2. What are the prime factors of w(8)?
37
Let g = 10 + -5. Suppose 0 = g*i - i - 180. Suppose 2*j + 2*j = 4*c, -4*j + i = 5*c. What are the prime factors of j?
5
Let q(k) = 2*k + 14. List the prime factors of q(12).
2, 19
Let l be 2/(-9) - 87/(-27). Suppose l*r = -2*r. Suppose x - 7 = -r*x. List the prime factors of x.
7
Let r be 0 + 21 + -1 + 2. Let a(t) = t**3 + t**2. Let c be a(1). Suppose r = -0*p + c*p. List the prime factors of p.
11
Suppose 0*v = t + v - 92, -204 = -2*t + 3*v. What are the prime factors of t?
2, 3
Let v(b) be the third derivative of b**6/360 + b**5/24 - 3*b**4/8 + b**3/3 - 3*b**2. Let s(u) be the first derivative of v(u). List the prime factors of s(-7).
5
Suppose 0 = -3*b + 5*m - 21 + 618, -5*b + 976 = -2*m. List the prime factors of b.
2, 97
Let o be (-3 + 1)*(-1)/(-2). Let a be (2 + 1/o)*-2. Let z = a + 5. List the prime factors of z.
3
Let m(l) = 17*l - 5. What are the prime factors of m(1)?
2, 3
Suppose -y - 7 - 2 = 0. Let w(n) = n**3 + 10*n**2 + 4*n - 9. Let u be w(y). Suppose -4*d + 0*d - 4*v + u = 0, 5*v = d + 3. List the prime factors of d.
7
Suppose -3*p = -15, -3*y - 102 = -4*p + 14. Let j = 13 + y. Let b = -8 - j. What are the prime factors of b?
11
Suppose -d - v + 91 = 0, 0 = -2*d + 2*v + 134 + 44. Suppose 0 = -2*n - 2*n + 3*l + 65, 0 = 4*n + 2*l - d. What are the prime factors of (-5)/n - 49/(-4)?
2, 3
Let d(a) = a + 0*a + 2 - 1 + 3*a**2. Let q be d(-1). Suppose 0 = -q*v - 4*n + 36, n = 4*v + 4*n - 48. List the prime factors of v.
2, 3
Let i(q) = -5*q**2 + 2*q + 4. Let o(v) = 11*v**2 - 4*v - 9. Let p(w) = -5*i(w) - 2*o(w). List the prime factors of p(-2).
2, 7
Let b(l) = l + 1. Let r be b(1). Suppose -r*a - 8 = -0*a, 4*f - 5*a = 96. What are the prime factors of (f/4)/((-1)/(-4))?
19
Let l(c) = -3*c**2 - 3*c - 6*c + 3*c + 11 + 2*c**2. Let i be l(-8). List the prime factors of (6/i)/(10/(-125)).
3, 5
Let i be 2/(-3)*27/(-2). Let a = i - -4. What are the prime factors of a?
13
Let l(v) = v**2 - v + 5. Let j be l(0). What are the prime factors of 1 + (0 + j - -3)?
3
Let w(y) = -45*y**3. What are the prime factors of w(-1)?
3, 5
Let f = 31 - 14. What are the prime factors of f?
17
Let b = -13 + 3. Suppose -2*p = 3*p - 105. Let s = b + p. List the prime factors of s.
11
Suppose 4*y + 104 = 8*y. Let q = -2 + 5. Suppose -p - y = -q*p. What are the prime factors of p?
13
Let c = -2 + 4. Suppose -4*j + 5*j = 0. Suppose -3*f + 2*s + 28 = j, -c*f - 3*f = -s - 56. List the prime factors of f.
2, 3
Let w(p) = -31*p + 39. List the prime factors of w(-5).
2, 97
Let p = 431 + -296. List the prime factors of p.
3, 5
Let h(z) = 16*z**2 - z. Let k be h(-1). Let d be -1 - -1 - (k - -3). List the prime factors of (2/(-5))/(1/d).
2
Suppose -4*p - 36 = 4*l, -l - 4*l - 3*p = 47. What are the prime factors of 18/(-5)*l/4?
3
Suppose 0 = -3*h + 21 + 15. What are the prime factors of h?
2, 3
List the prime factors of 0 + 8 - (-1 + -2).
11
Let s = 20 + -20. Let p(g) = -g + 35. What are the prime factors of p(s)?
5, 7
Suppose 4*x = 6*x - 62. What are the prime factors of x?
31
What are the prime factors of 5640/140 - (-4)/(-14)?
2, 5
Let z(d) = d**3 + 6*d**2 + 7*d + 3. Let o be z(-5). Let t(n) = 4*n - 9. Let h be t(o). Let b = -25 - h. What are the prime factors of b?
2, 3
Let v(i) = -34*i - 4. Let w be v(-4). Suppose w = 3*o + o. What are the prime factors of o?
3, 11
Let r(j) = j**2 + 2*j - 2. Let y be r(-6). Let m = y - 15. What are the prime factors of m?
7
Suppose -10 = -4*p + 2. Suppose -p*q = q. Suppose -o + 16 = -4*g, 5*o - 35 = 5*g - q*g. List the prime factors of o.
2
Let u be (-2)/(-3 - -1) + 2. Let i = u + 0. List the prime factors of i.
3
Let y = 8 - 6. Suppose -2*h + y*w = -20, w + 44 + 14 = 5*h. What are the prime factors of h?
2, 3
Suppose -8*u + 6*u + 6 = 0. Suppose 0 = u*v - 2*r - 34 - 48, -2*v + 2*r + 52 = 0. List the prime factors of v.
2, 3, 5
Suppose -3*b = -0*b + 3*q + 9, -5*b + q = -15. Let a = 8 + b. What are the prime factors of a?
2, 5
What are the prime factors of 5*((-28)/(-10) + 4)?
2, 17
Let j be (-11 + 5)*(-4)/(-6). Let w = 14 - j. Let f = w + -6. What are the prime factors of f?
2, 3
Let r(k) = -k**3 - 9*k**2 + k + 13. Let u be r(-9). Suppose -7 = 4*x - 71. Suppose -u*h = -2*h - x. List the prime factors of h.
2
Suppose v - 95 = -5*r, 5*v - 3*r + r - 394 = 0. What are the prime factors of v?
2, 5
Let k be 6/(-27) - 29/(-9). Suppose u + 5*d = -0*d, 48 = k*u - d. List the prime factors of u.
3, 5
Let m(f) = 2*f**2 - 2*f - 1. What are the prime factors of m(3)?
11
Let a(g) be the second derivative of g**4/12 - g**2 - 2*g. Let d be a(-2). Suppose -l + d*h + 12 = h, -5*l = 4*h - 69. List the prime factors of l.
13
Suppose -5*a - 4 = -4*h - 24, -5*a = 4*h - 20. Suppose 0 = -h*m + 3*m. Suppose m = -3*y + 2*y + 13. What are the prime factors of y?
13
Let n = 4 - -8. What are the prime factors of 248/n - (-3)/9?
3, 7
Let b(z) = z**3 + z + 127. Let o be b(0). Suppose 4*t - 56 = -2*c, -5*c - 3*t = -c - o. What are the prime factors of c?
2, 17
What are the prime factors of ((-2)/(-4))/((-1)/(-172))?
2, 43
Let d(p) = 41*p - 2. Let v be d(2). Suppose -4*l = -2*o - v + 18, 5*l = 4*o + 82. What are the prime factors of l?
2, 7
Let i = -8 + 41. List the prime factors of i.
3, 11
Suppose -r - 15 = -6*r. Suppose 5*f = -r*z + 10, -2*f - 22 = -5*z - 5*f. What are the prime factors of z?
5
Suppose -2*s + 1 + 59 = 0. What are the prime factors of s?
2, 3, 5
Suppose 3*v = -4*y + 1 - 2, 15 = -5*v. Suppose y*s = -3*j - j, 3*s = 4*j. Suppose j*q - q = -21. What are the prime factors of q?
3, 7
Suppose -22 = -a + 5*i, 148 = 2*a + 5*i + 29. Suppose -5*c = a - 122. What are the prime factors of c?
3, 5
Suppose -3*s = r + 9, 3*s - 3 = 5*r + 4*s. Suppose r = 2*x - 5*x. Suppose 2*v + p + p - 44 = x, 5*v - 70 = 5*p. List the prime factors of v.
2, 3
Let y(h) = -h + 29. Let c be (2 - 0 - 2)/(-1). Let k be y(c). Suppose 2*q = k - 3. List the prime factors of q.
13
Let z = -2 - -24. List the prime factors of z.
2, 11
What are the prime factors of (1 - 0)/((-3)/(-777))?
7, 37
Suppose -6*x + 3*x - 4*f = -18, 3*f + 1 = 5*x. Suppose -32 = 5*w + 5*j + 8, 4*w + x*j = -28. Let c = w - -9. What are the prime factors of c?
3
Let i(r) = 3*r - 2. Let k be i(2). Suppose -d - 4*d - k*v = -21, -v = -4. What are the prime factors of 10/(6/(d - -2))?
5
Let r = -47 - -9. Suppose 84 - 33 = -3*p. Let j = p - r. What are the prime factors of j?
3, 7
Let z = -13 - -9. What are the prime factors of (z - -3)/(2/(-8))?
2
Suppose -3*r + 6 = -3*w, -r = -4*w + r - 8. Let l be 28 + -6 - (w - 0). Let x = l - 14. What are the prime factors of x?
2, 5
Suppose -6*c = -c. Let x = 5 - c. What are the prime factors of x?
5
Let b(c) = -5*c + 21. Let m(y) be the first derivative of -y**2 + 10*y + 2. Let p(w) = 4*b(w) - 9*m(w). List the prime factors of p(-7).
2
Suppose 0 = 32*j - 28*j - 140. What are the prime factors of j?
5, 7
Suppose 3*z = z + 64. Let a be z/10*(-30)/(-4). Let v = -14 + a. List the prime factors of v.
2, 5
Suppose 2*v + 40 + 3 = s, 5*s + 2*v = 239. What are the prime factors of s?
47
Let v = 27 - -31. List the prime factors of v.
2, 29
Let a be (18/(-12))/((-3)/8). Let i(y) = 4*y - 1. Let k be i(a). Let f = k - 6. What are the prime factors of f?
3
What are the prime factors of 176/20*5/1?
2, 11
Suppose -2*y = -4, 0*g - 3*g + 2*y = -5. Suppose g*r = -2*r + 15. Suppose -c + 50 = 3*j, r*c - 5*c + 4 = 0. List the prime facto